{"id":2596,"date":"2025-09-08T07:23:25","date_gmt":"2025-09-08T11:23:25","guid":{"rendered":"https:\/\/mimijane.ca\/?page_id=2596"},"modified":"2025-09-08T09:25:06","modified_gmt":"2025-09-08T13:25:06","slug":"her-name","status":"publish","type":"page","link":"https:\/\/mimijane.ca\/fr\/her-name","title":{"rendered":"Son Nom"},"content":{"rendered":"<div class=\"wp-block-group alignfull\"><div class=\"wp-block-group__inner-container is-layout-flow wp-block-group-is-layout-flow\">\n<div class=\"wp-block-group alignfull has-mono-4-background-color has-background\" style=\"padding-top:var(--wp--preset--spacing--superbspacing-xxlarge);padding-right:var(--wp--preset--spacing--superbspacing-small);padding-bottom:120px;padding-left:var(--wp--preset--spacing--superbspacing-small)\"><div class=\"wp-block-group__inner-container is-layout-constrained wp-container-core-group-is-layout-8b950f18 wp-block-group-is-layout-constrained\">\n<div class=\"wp-block-group alignwide\"><div class=\"wp-block-group__inner-container is-layout-constrained wp-block-group-is-layout-constrained\">\n<h4 class=\"wp-block-heading has-text-align-center has-primary-color has-text-color has-superbfont-xxsmall-font-size\" style=\"font-style:normal;font-weight:700;letter-spacing:5px;text-transform:uppercase\">Trouver un nom<\/h4>\n\n\n\n<h2 class=\"wp-block-heading has-text-align-center has-contrast-color has-text-color has-superbfont-xlarge-font-size\">L'identite d'un bateau<\/h2>\n\n\n\n<p class=\"has-text-align-center has-secondary-color has-text-color has-superbfont-medium-font-size\"><br>Nommer un bateau \u2013 surtout un bateau que nous avons construit au fil de nombreuses ann\u00e9es de d\u00e9vouement \u2013 n\u2019est pas une affaire banale. Son nom deviendra son identit\u00e9. Ce doit \u00eatre un nom auquel nous nous sentons profond\u00e9ment li\u00e9s, un nom qui reste en m\u00e9moire. Nous voulions aussi que son nom porte une gr\u00e2ce f\u00e9minine, car en anglais, un bateau est toujours une \u00ab elle \u00bb.<\/p>\n\n\n\n<p class=\"has-text-align-center has-secondary-color has-text-color has-superbfont-medium-font-size\">Qui voulons-nous qu\u2019elle soit ? Elle a une forte personnalit\u00e9, mais aussi une \u00e2me joueuse et pleine de joie. Elle est invariablement amicale et aimante. Elle nous apportera du bonheur et cherchera \u00e0 nous garder en s\u00e9curit\u00e9. Elle nous emm\u00e8nera vers de nouvelles aventures, recueillant d\u2019innombrables histoires \u00e0 raconter\u2026 elle aura des histoires sans fin et les partagera sans fin.<br><br>Elle fait partie de moi, et elle fait partie de Mark.<\/p>\n<\/div><\/div>\n<\/div><\/div>\n<\/div><\/div>\n\n\n\n<div class=\"wp-block-group alignfull\"><div class=\"wp-block-group__inner-container is-layout-flow wp-block-group-is-layout-flow\">\n<div class=\"wp-block-group alignfull\" style=\"margin-top:0;margin-bottom:0;padding-top:var(--wp--preset--spacing--superbspacing-xxlarge);padding-right:var(--wp--preset--spacing--superbspacing-medium);padding-bottom:var(--wp--preset--spacing--superbspacing-xxlarge);padding-left:var(--wp--preset--spacing--superbspacing-medium)\"><div class=\"wp-block-group__inner-container is-layout-constrained wp-container-core-group-is-layout-451370f2 wp-block-group-is-layout-constrained\">\n<div class=\"wp-block-columns alignwide is-layout-flex wp-container-core-columns-is-layout-d327e3c3 wp-block-columns-is-layout-flex\">\n<div class=\"wp-block-column is-vertically-aligned-center is-layout-flow wp-block-column-is-layout-flow\" style=\"padding-top:0;padding-right:0;padding-bottom:0;padding-left:0\">\n<div class=\"wp-block-group\"><div class=\"wp-block-group__inner-container is-layout-flow wp-block-group-is-layout-flow\">\n<h2 class=\"wp-block-heading has-text-align-left has-primary-color has-text-color has-superbfont-xxsmall-font-size\" style=\"font-style:normal;font-weight:700;letter-spacing:5px;text-transform:uppercase\">Ma (Murielle) Grand-mere<\/h2>\n\n\n\n<h3 class=\"wp-block-heading has-text-align-left has-superbfont-xlarge-font-size\">Mimi<\/h3>\n\n\n\n<p class=\"has-text-align-left has-secondary-color has-text-color has-superbfont-small-font-size\">Honorer le lien particulier que je partageais avec ma grand-m\u00e8re est devenu de plus en plus important pour moi, alors que je la perdais peu \u00e0 peu. D\u2019une certaine mani\u00e8re, il est r\u00e9confortant de savoir qu\u2019une part d\u2019elle restera toujours avec moi.<\/p>\n\n\n<\/div><\/div>\n<\/div>\n\n\n\n<div class=\"wp-block-column is-vertically-aligned-center is-layout-flow wp-block-column-is-layout-flow\" style=\"padding-right:0;padding-bottom:0;padding-left:0\">\n<figure class=\"wp-block-image size-large has-custom-border\"><img loading=\"lazy\" decoding=\"async\" width=\"1024\" height=\"768\" src=\"http:\/\/mimijane.ca\/wp-content\/uploads\/2018\/10\/grand-mere-8-1024x768.jpg\" alt=\"\" class=\"wp-image-1073\" style=\"border-radius:20px\" srcset=\"https:\/\/mimijane.ca\/wp-content\/uploads\/2018\/10\/grand-mere-8-1024x768.jpg 1024w, https:\/\/mimijane.ca\/wp-content\/uploads\/2018\/10\/grand-mere-8-500x375.jpg 500w, https:\/\/mimijane.ca\/wp-content\/uploads\/2018\/10\/grand-mere-8-768x576.jpg 768w, https:\/\/mimijane.ca\/wp-content\/uploads\/2018\/10\/grand-mere-8-150x113.jpg 150w\" sizes=\"auto, (max-width: 1024px) 100vw, 1024px\" \/><\/figure>\n<\/div>\n<\/div>\n<\/div><\/div>\n<\/div><\/div>\n\n\n\n<div class=\"wp-block-group alignfull\"><div class=\"wp-block-group__inner-container is-layout-flow wp-block-group-is-layout-flow\">\n<div class=\"wp-block-group alignfull\" style=\"margin-top:0;margin-bottom:0;padding-top:var(--wp--preset--spacing--superbspacing-xxlarge);padding-right:var(--wp--preset--spacing--superbspacing-medium);padding-bottom:var(--wp--preset--spacing--superbspacing-xxlarge);padding-left:var(--wp--preset--spacing--superbspacing-medium)\"><div class=\"wp-block-group__inner-container is-layout-constrained wp-container-core-group-is-layout-451370f2 wp-block-group-is-layout-constrained\">\n<div class=\"wp-block-columns alignwide is-layout-flex wp-container-core-columns-is-layout-d327e3c3 wp-block-columns-is-layout-flex\">\n<div class=\"wp-block-column is-vertically-aligned-center is-layout-flow wp-block-column-is-layout-flow\" style=\"padding-right:0;padding-bottom:0;padding-left:0\">\n<figure class=\"wp-block-image size-large is-resized has-custom-border\"><img loading=\"lazy\" decoding=\"async\" width=\"768\" height=\"1024\" src=\"http:\/\/mimijane.ca\/wp-content\/uploads\/2018\/10\/DSC_0088-768x1024.jpg\" alt=\"\" class=\"wp-image-1074\" style=\"border-radius:20px;width:369px;height:auto\" srcset=\"https:\/\/mimijane.ca\/wp-content\/uploads\/2018\/10\/DSC_0088-768x1024.jpg 768w, https:\/\/mimijane.ca\/wp-content\/uploads\/2018\/10\/DSC_0088-375x500.jpg 375w, https:\/\/mimijane.ca\/wp-content\/uploads\/2018\/10\/DSC_0088-112x150.jpg 112w, https:\/\/mimijane.ca\/wp-content\/uploads\/2018\/10\/DSC_0088.jpg 1819w\" sizes=\"auto, (max-width: 768px) 100vw, 768px\" \/><\/figure>\n<\/div>\n\n\n\n<div class=\"wp-block-column is-vertically-aligned-center is-layout-flow wp-block-column-is-layout-flow\" style=\"padding-top:0;padding-right:0;padding-bottom:0;padding-left:0\">\n<div class=\"wp-block-group\"><div class=\"wp-block-group__inner-container is-layout-flow wp-block-group-is-layout-flow\">\n<h2 class=\"wp-block-heading has-text-align-left has-primary-color has-text-color has-superbfont-xxsmall-font-size\" style=\"font-style:normal;font-weight:700;letter-spacing:5px;text-transform:uppercase\">La maman de mark<\/h2>\n\n\n\n<h3 class=\"wp-block-heading has-text-align-left has-superbfont-xlarge-font-size\">Jane<\/h3>\n\n\n\n<p class=\"has-text-align-left has-secondary-color has-text-color has-superbfont-small-font-size\">Avec Jane \u00e0 bord, notre bateau ne manquera jamais d\u2019esprit vif, de gentillesse et de sollicitude.<\/p>\n<\/div><\/div>\n<\/div>\n<\/div>\n<\/div><\/div>\n<\/div><\/div>\n\n\n\n\n\n<div class=\"wp-block-group alignfull\"><div class=\"wp-block-group__inner-container is-layout-flow wp-block-group-is-layout-flow\">\n<div class=\"wp-block-group alignfull has-mono-4-background-color has-background\" style=\"padding-top:var(--wp--preset--spacing--superbspacing-xxlarge);padding-right:var(--wp--preset--spacing--superbspacing-small);padding-bottom:120px;padding-left:var(--wp--preset--spacing--superbspacing-small)\"><div class=\"wp-block-group__inner-container is-layout-constrained wp-container-core-group-is-layout-8b950f18 wp-block-group-is-layout-constrained\">\n<div class=\"wp-block-group alignwide is-vertical is-content-justification-center is-layout-flex wp-container-core-group-is-layout-6a200439 wp-block-group-is-layout-flex\">\n<h4 class=\"wp-block-heading has-text-align-center has-primary-color has-text-color has-superbfont-xxsmall-font-size\" style=\"font-style:normal;font-weight:700;letter-spacing:5px;text-transform:uppercase\">Ensemble<\/h4>\n\n\n\n<h2 class=\"wp-block-heading has-text-align-center has-contrast-color has-text-color has-superbfont-xlarge-font-size\">Mimi Berrou and Jane Ovenden<\/h2>\n\n\n\n<h6 class=\"wp-block-heading has-text-align-center\">Si vous avez rencontr\u00e9 l\u2019une ou l\u2019autre de ces dames, vous les retrouverez dans le nom.<\/h6>\n\n\n\n<blockquote class=\"wp-block-quote is-layout-flow wp-block-quote-is-layout-flow\">\n<p class=\"has-text-align-center has-secondary-color has-text-color has-superbfont-medium-font-size\">Elle a une forte personnalit\u00e9, mais aussi une \u00e2me joueuse et pleine de joie. Elle est invariablement amicale et aimante. Elle nous apportera du bonheur et cherchera \u00e0 nous garder en s\u00e9curit\u00e9. Elle nous emm\u00e8nera vers de nouvelles aventures, recueillant d\u2019innombrables histoires \u00e0 raconter\u2026 elle aura des histoires sans fin et les partagera sans fin.<\/p>\n<\/blockquote>\n<\/div>\n<\/div><\/div>\n<\/div><\/div>\n\n\n\n\n\n\n\n<div class=\"wp-block-group alignfull\"><div class=\"wp-block-group__inner-container is-layout-flow wp-block-group-is-layout-flow\">\n<div class=\"wp-block-group alignfull\" style=\"padding-top:var(--wp--preset--spacing--superbspacing-xxlarge);padding-right:var(--wp--preset--spacing--superbspacing-small);padding-bottom:var(--wp--preset--spacing--superbspacing-xxlarge);padding-left:var(--wp--preset--spacing--superbspacing-small)\"><div class=\"wp-block-group__inner-container is-layout-constrained wp-container-core-group-is-layout-94cf4cd9 wp-block-group-is-layout-constrained\">\n<div class=\"wp-block-columns alignwide is-layout-flex wp-container-core-columns-is-layout-ad306d4b wp-block-columns-is-layout-flex\" style=\"margin-top:0;margin-bottom:0\">\n<div class=\"wp-block-column is-vertically-aligned-center is-layout-flow wp-block-column-is-layout-flow\">\n<h2 class=\"wp-block-heading has-text-align-left has-primary-color has-text-color has-superbfont-xxsmall-font-size\" style=\"font-style:normal;font-weight:700;letter-spacing:5px;text-transform:uppercase\">Octobre 2018<\/h2>\n\n\n\n<h3 class=\"wp-block-heading has-text-align-left has-superbfont-large-font-size\">Reveler le nom du bateau<\/h3>\n\n\n\n<p class=\"has-text-align-left has-secondary-color has-text-color has-superbfont-medium-font-size\">En octobre 2018, nous avons d\u00e9voil\u00e9 le nom de notre bateau \u00e0 Jane, qui ne se doutait de rien. Sa r\u00e9action face \u00e0 cette surprise fut profond\u00e9ment \u00e9mouvante.  <a href=\"https:\/\/mimijane.ca\/fr\/unveiling-the-ships-name\">Voici le r\u00e9cit de cette journ\u00e9e memorable<\/a> <br><br>Malheureusement, ma grand-m\u00e8re n\u2019a pas pu \u00eatre pr\u00e9sente ce jour-l\u00e0. \u00c0 l\u2019\u00e9poque, son \u00e2ge avanc\u00e9 ne lui permettait plus de voyager. J\u2019ai cependant eu la joie, lors d\u2019un pr\u00e9c\u00e9dent s\u00e9jour \u00e0 Concarneau, de lui annoncer que mon bateau porterait son nom. Elle a ri \u2014 un rire limpide et inimitable, d\u00e9bordant de vie et de caract\u00e8re\u2026 pure Mimi Berrou.<\/p>\n<\/div>\n\n\n\n<div class=\"wp-block-column is-vertically-aligned-center is-layout-flow wp-block-column-is-layout-flow\" style=\"padding-right:0;padding-bottom:0;padding-left:0\">\n<figure class=\"wp-block-embed is-type-video is-provider-youtube wp-block-embed-youtube wp-embed-aspect-16-9 wp-has-aspect-ratio\"><div class=\"wp-block-embed__wrapper\">\n<iframe loading=\"lazy\" title=\"MimiJane&#039;s naming\" width=\"1032\" height=\"581\" src=\"https:\/\/www.youtube.com\/embed\/KR4b1icOt40?feature=oembed\" frameborder=\"0\" allow=\"accelerometer; autoplay; clipboard-write; encrypted-media; gyroscope; picture-in-picture; web-share\" referrerpolicy=\"strict-origin-when-cross-origin\" allowfullscreen><\/iframe>\n<\/div><\/figure>\n<\/div>\n<\/div>\n<\/div><\/div>\n<\/div><\/div>","protected":false},"excerpt":{"rendered":"<p>Finding a name A Boat&#8217;s Identity Naming a boat &#8211; especially one we built over many years of dedication &#8211; is no trivial matter. Her name will become her &hellip;<\/p>","protected":false},"author":1,"featured_media":1320,"parent":0,"menu_order":0,"comment_status":"closed","ping_status":"closed","template":"","meta":{"footnotes":""},"class_list":["post-2596","page","type-page","status-publish","has-post-thumbnail","hentry"],"_links":{"self":[{"href":"https:\/\/mimijane.ca\/fr\/wp-json\/wp\/v2\/pages\/2596","targetHints":{"allow":["GET"]}}],"collection":[{"href":"https:\/\/mimijane.ca\/fr\/wp-json\/wp\/v2\/pages"}],"about":[{"href":"https:\/\/mimijane.ca\/fr\/wp-json\/wp\/v2\/types\/page"}],"author":[{"embeddable":true,"href":"https:\/\/mimijane.ca\/fr\/wp-json\/wp\/v2\/users\/1"}],"replies":[{"embeddable":true,"href":"https:\/\/mimijane.ca\/fr\/wp-json\/wp\/v2\/comments?post=2596"}],"version-history":[{"count":22,"href":"https:\/\/mimijane.ca\/fr\/wp-json\/wp\/v2\/pages\/2596\/revisions"}],"predecessor-version":[{"id":2636,"href":"https:\/\/mimijane.ca\/fr\/wp-json\/wp\/v2\/pages\/2596\/revisions\/2636"}],"wp:featuredmedia":[{"embeddable":true,"href":"https:\/\/mimijane.ca\/fr\/wp-json\/wp\/v2\/media\/1320"}],"wp:attachment":[{"href":"https:\/\/mimijane.ca\/fr\/wp-json\/wp\/v2\/media?parent=2596"}],"curies":[{"name":"wp","href":"https:\/\/api.w.org\/{rel}","templated":true}]}}

<div class="wp-block-group alignfull"><div class="wp-block-group__inner-container is-layout-flow wp-block-group-is-layout-flow">
<div class="wp-block-group alignfull has-mono-4-background-color has-background" style="padding-top:var(--wp--preset--spacing--superbspacing-xxlarge);padding-right:var(--wp--preset--spacing--superbspacing-small);padding-bottom:120px;padding-left:var(--wp--preset--spacing--superbspacing-small)"><div class="wp-block-group__inner-container is-layout-constrained wp-container-core-group-is-layout-8b950f18 wp-block-group-is-layout-constrained">
<div class="wp-block-group alignwide"><div class="wp-block-group__inner-container is-layout-constrained wp-block-group-is-layout-constrained">
<h4 class="wp-block-heading has-text-align-center has-primary-color has-text-color has-superbfont-xxsmall-font-size" style="font-style:normal;font-weight:700;letter-spacing:5px;text-transform:uppercase">Trouver un nom</h4>



<h2 class="wp-block-heading has-text-align-center has-contrast-color has-text-color has-superbfont-xlarge-font-size">L'identite d'un bateau</h2>



<p class="has-text-align-center has-secondary-color has-text-color has-superbfont-medium-font-size"><br>Nommer un bateau – surtout un bateau que nous avons construit au fil de nombreuses années de dévouement – n’est pas une affaire banale. Son nom deviendra son identité. Ce doit être un nom auquel nous nous sentons profondément liés, un nom qui reste en mémoire. Nous voulions aussi que son nom porte une grâce féminine, car en anglais, un bateau est toujours une « elle ».</p>



<p class="has-text-align-center has-secondary-color has-text-color has-superbfont-medium-font-size">Qui voulons-nous qu’elle soit ? Elle a une forte personnalité, mais aussi une âme joueuse et pleine de joie. Elle est invariablement amicale et aimante. Elle nous apportera du bonheur et cherchera à nous garder en sécurité. Elle nous emmènera vers de nouvelles aventures, recueillant d’innombrables histoires à raconter… elle aura des histoires sans fin et les partagera sans fin.<br><br>Elle fait partie de moi, et elle fait partie de Mark.</p>
</div></div>
</div></div>
</div></div>



<div class="wp-block-group alignfull"><div class="wp-block-group__inner-container is-layout-flow wp-block-group-is-layout-flow">
<div class="wp-block-group alignfull" style="margin-top:0;margin-bottom:0;padding-top:var(--wp--preset--spacing--superbspacing-xxlarge);padding-right:var(--wp--preset--spacing--superbspacing-medium);padding-bottom:var(--wp--preset--spacing--superbspacing-xxlarge);padding-left:var(--wp--preset--spacing--superbspacing-medium)"><div class="wp-block-group__inner-container is-layout-constrained wp-container-core-group-is-layout-451370f2 wp-block-group-is-layout-constrained">
<div class="wp-block-columns alignwide is-layout-flex wp-container-core-columns-is-layout-d327e3c3 wp-block-columns-is-layout-flex">
<div class="wp-block-column is-vertically-aligned-center is-layout-flow wp-block-column-is-layout-flow" style="padding-top:0;padding-right:0;padding-bottom:0;padding-left:0">
<div class="wp-block-group"><div class="wp-block-group__inner-container is-layout-flow wp-block-group-is-layout-flow">
<h2 class="wp-block-heading has-text-align-left has-primary-color has-text-color has-superbfont-xxsmall-font-size" style="font-style:normal;font-weight:700;letter-spacing:5px;text-transform:uppercase">Ma (Murielle) Grand-mere</h2>



<h3 class="wp-block-heading has-text-align-left has-superbfont-xlarge-font-size">Mimi</h3>



<p class="has-text-align-left has-secondary-color has-text-color has-superbfont-small-font-size">Honorer le lien particulier que je partageais avec ma grand-mère est devenu de plus en plus important pour moi, alors que je la perdais peu à peu. D’une certaine manière, il est réconfortant de savoir qu’une part d’elle restera toujours avec moi.</p>


</div></div>
</div>



<div class="wp-block-column is-vertically-aligned-center is-layout-flow wp-block-column-is-layout-flow" style="padding-right:0;padding-bottom:0;padding-left:0">
<figure class="wp-block-image size-large has-custom-border"><img loading="lazy" decoding="async" width="1024" height="768" src="http://mimijane.ca/wp-content/uploads/2018/10/grand-mere-8-1024x768.jpg" alt="" class="wp-image-1073" style="border-radius:20px" srcset="https://mimijane.ca/wp-content/uploads/2018/10/grand-mere-8-1024x768.jpg 1024w, https://mimijane.ca/wp-content/uploads/2018/10/grand-mere-8-500x375.jpg 500w, https://mimijane.ca/wp-content/uploads/2018/10/grand-mere-8-768x576.jpg 768w, https://mimijane.ca/wp-content/uploads/2018/10/grand-mere-8-150x113.jpg 150w" sizes="auto, (max-width: 1024px) 100vw, 1024px" /></figure>
</div>
</div>
</div></div>
</div></div>



<div class="wp-block-group alignfull"><div class="wp-block-group__inner-container is-layout-flow wp-block-group-is-layout-flow">
<div class="wp-block-group alignfull" style="margin-top:0;margin-bottom:0;padding-top:var(--wp--preset--spacing--superbspacing-xxlarge);padding-right:var(--wp--preset--spacing--superbspacing-medium);padding-bottom:var(--wp--preset--spacing--superbspacing-xxlarge);padding-left:var(--wp--preset--spacing--superbspacing-medium)"><div class="wp-block-group__inner-container is-layout-constrained wp-container-core-group-is-layout-451370f2 wp-block-group-is-layout-constrained">
<div class="wp-block-columns alignwide is-layout-flex wp-container-core-columns-is-layout-d327e3c3 wp-block-columns-is-layout-flex">
<div class="wp-block-column is-vertically-aligned-center is-layout-flow wp-block-column-is-layout-flow" style="padding-right:0;padding-bottom:0;padding-left:0">
<figure class="wp-block-image size-large is-resized has-custom-border"><img loading="lazy" decoding="async" width="768" height="1024" src="http://mimijane.ca/wp-content/uploads/2018/10/DSC_0088-768x1024.jpg" alt="" class="wp-image-1074" style="border-radius:20px;width:369px;height:auto" srcset="https://mimijane.ca/wp-content/uploads/2018/10/DSC_0088-768x1024.jpg 768w, https://mimijane.ca/wp-content/uploads/2018/10/DSC_0088-375x500.jpg 375w, https://mimijane.ca/wp-content/uploads/2018/10/DSC_0088-112x150.jpg 112w, https://mimijane.ca/wp-content/uploads/2018/10/DSC_0088.jpg 1819w" sizes="auto, (max-width: 768px) 100vw, 768px" /></figure>
</div>



<div class="wp-block-column is-vertically-aligned-center is-layout-flow wp-block-column-is-layout-flow" style="padding-top:0;padding-right:0;padding-bottom:0;padding-left:0">
<div class="wp-block-group"><div class="wp-block-group__inner-container is-layout-flow wp-block-group-is-layout-flow">
<h2 class="wp-block-heading has-text-align-left has-primary-color has-text-color has-superbfont-xxsmall-font-size" style="font-style:normal;font-weight:700;letter-spacing:5px;text-transform:uppercase">La maman de mark</h2>



<h3 class="wp-block-heading has-text-align-left has-superbfont-xlarge-font-size">Jane</h3>



<p class="has-text-align-left has-secondary-color has-text-color has-superbfont-small-font-size">Avec Jane à bord, notre bateau ne manquera jamais d’esprit vif, de gentillesse et de sollicitude.</p>
</div></div>
</div>
</div>
</div></div>
</div></div>





<div class="wp-block-group alignfull"><div class="wp-block-group__inner-container is-layout-flow wp-block-group-is-layout-flow">
<div class="wp-block-group alignfull has-mono-4-background-color has-background" style="padding-top:var(--wp--preset--spacing--superbspacing-xxlarge);padding-right:var(--wp--preset--spacing--superbspacing-small);padding-bottom:120px;padding-left:var(--wp--preset--spacing--superbspacing-small)"><div class="wp-block-group__inner-container is-layout-constrained wp-container-core-group-is-layout-8b950f18 wp-block-group-is-layout-constrained">
<div class="wp-block-group alignwide is-vertical is-content-justification-center is-layout-flex wp-container-core-group-is-layout-6a200439 wp-block-group-is-layout-flex">
<h4 class="wp-block-heading has-text-align-center has-primary-color has-text-color has-superbfont-xxsmall-font-size" style="font-style:normal;font-weight:700;letter-spacing:5px;text-transform:uppercase">Ensemble</h4>



<h2 class="wp-block-heading has-text-align-center has-contrast-color has-text-color has-superbfont-xlarge-font-size">Mimi Berrou and Jane Ovenden</h2>



<h6 class="wp-block-heading has-text-align-center">Si vous avez rencontré l’une ou l’autre de ces dames, vous les retrouverez dans le nom.</h6>



<blockquote class="wp-block-quote is-layout-flow wp-block-quote-is-layout-flow">
<p class="has-text-align-center has-secondary-color has-text-color has-superbfont-medium-font-size">Elle a une forte personnalité, mais aussi une âme joueuse et pleine de joie. Elle est invariablement amicale et aimante. Elle nous apportera du bonheur et cherchera à nous garder en sécurité. Elle nous emmènera vers de nouvelles aventures, recueillant d’innombrables histoires à raconter… elle aura des histoires sans fin et les partagera sans fin.</p>
</blockquote>
</div>
</div></div>
</div></div>







<div class="wp-block-group alignfull"><div class="wp-block-group__inner-container is-layout-flow wp-block-group-is-layout-flow">
<div class="wp-block-group alignfull" style="padding-top:var(--wp--preset--spacing--superbspacing-xxlarge);padding-right:var(--wp--preset--spacing--superbspacing-small);padding-bottom:var(--wp--preset--spacing--superbspacing-xxlarge);padding-left:var(--wp--preset--spacing--superbspacing-small)"><div class="wp-block-group__inner-container is-layout-constrained wp-container-core-group-is-layout-94cf4cd9 wp-block-group-is-layout-constrained">
<div class="wp-block-columns alignwide is-layout-flex wp-container-core-columns-is-layout-ad306d4b wp-block-columns-is-layout-flex" style="margin-top:0;margin-bottom:0">
<div class="wp-block-column is-vertically-aligned-center is-layout-flow wp-block-column-is-layout-flow">
<h2 class="wp-block-heading has-text-align-left has-primary-color has-text-color has-superbfont-xxsmall-font-size" style="font-style:normal;font-weight:700;letter-spacing:5px;text-transform:uppercase">Octobre 2018</h2>



<h3 class="wp-block-heading has-text-align-left has-superbfont-large-font-size">Reveler le nom du bateau</h3>



<p class="has-text-align-left has-secondary-color has-text-color has-superbfont-medium-font-size">En octobre 2018, nous avons dévoilé le nom de notre bateau à Jane, qui ne se doutait de rien. Sa réaction face à cette surprise fut profondément émouvante.  <a href="https://mimijane.ca/fr/unveiling-the-ships-name">Voici le récit de cette journée memorable</a> <br><br>Malheureusement, ma grand-mère n’a pas pu être présente ce jour-là. À l’époque, son âge avancé ne lui permettait plus de voyager. J’ai cependant eu la joie, lors d’un précédent séjour à Concarneau, de lui annoncer que mon bateau porterait son nom. Elle a ri — un rire limpide et inimitable, débordant de vie et de caractère… pure Mimi Berrou.</p>
</div>



<div class="wp-block-column is-vertically-aligned-center is-layout-flow wp-block-column-is-layout-flow" style="padding-right:0;padding-bottom:0;padding-left:0">
<figure class="wp-block-embed is-type-video is-provider-youtube wp-block-embed-youtube wp-embed-aspect-16-9 wp-has-aspect-ratio"><div class="wp-block-embed__wrapper">
<iframe loading="lazy" title="MimiJane&#039;s naming" width="1032" height="581" src="https://www.youtube.com/embed/KR4b1icOt40?feature=oembed" frameborder="0" allow="accelerometer; autoplay; clipboard-write; encrypted-media; gyroscope; picture-in-picture; web-share" referrerpolicy="strict-origin-when-cross-origin" allowfullscreen></iframe>
</div></figure>
</div>
</div>
</div></div>
</div></div>
